)?
-8
2 + (-5 - -7) + -2 + -2
0
Calculate 3 - 0 - 6 - (3 + -1).
-5
Evaluate 0 + (3 - 0) - 2.
1
12 - 12 - (2 - -6)
-8
-2 - -1 - (-1 - -2)
-2
What is -3 + (-3 + -1 - -11) + -4?
0
Evaluate -4 - (-4 - -6 - (0 + -2)).
-8
What is -9 - (4 + (-5 - 3))?
-5
What is the value of -4 - ((6 - 5) + -3)?
-2
(3 - 1) + (-3 - (3 + -2))
-2
-5 + 0 - (-9 - -5)
-1
What is 0 + -6 + 6 - (-1 + 2)?
-1
(-11 - (4 - (6 - -3))) + 3
-3
What is the value of 3 + (-5 + 12 - 9)?
1
What is the value of -7 + (1 - -3 - -3)?
0
-1 + -2 - (0 - 1)
-2
Evaluate -10 + (8 - 4) + 15 + -11.
-2
(-3 - 0) + -17 + 11 + -1
-10
What is the value of (-6 + 0 - (48 + -59)) + -14?
-9
Calculate 0 - (-9 - (-2 + -3 + 3)).
7
What is the value of 1 + -3 - (1 - 3)?
0
Calculate 9 - 2 - (5 + (-9 - -6)).
5
What is 4 - (-1 + 10 - 4) - 6?
-7
Calculate (3 - 2) + -2 - (0 + 0).
-1
What is 9 + (-18 - -3) + (0 - -5)?
-1
What is the value of 2 + -9 + 7 + -5?
-5
Evaluate 8 + -4 + 1 + -7.
-2
What is 9 + (-8 - -1) - 1?
1
What is -1 + 2 + (-7 - -5) + 0?
-1
What is 5 + 8 + 6 + -12?
7
Evaluate -1 + 6 + (3 - 16) + 2.
-6
Calculate -1 + 0 + 8 - 2.
5
What is the value of 48 + -59 - (3 + -21)?
7
0 - (0 + -3 + 3 + -2)
2
What is -4 - (-1 - (-1 + 1))?
-3
6 - (-2 + 1) - (-9 - -13)
3
(-26 - -24) + (-1 - 3) - -6
0
(1 + -1 - (3 - 4)) + 0
1
Evaluate -8 - (-2 + -3 + 1).
-4
(0 - 1) + 4 - -2
5
What is (-2 - 2) + -2 + 4?
-2
-1 + -3 + 5 - (3 - 1)
-1
What is 2 - ((16 - 8) + -7)?
1
What is the value of 57 + -60 - (-3 + -1)?
1
What is (35 - 20) + (-15 - -4)?
4
-1 + (1 + 1 + -1 - 4)
-4
What is the value of 0 + -3 + -1 - -3?
-1
What is the value of (1 - 7) + (-4 + -2 - -6)?
-6
Calculate 3 + (2 + 0 - 6).
-1
(-13 - -5 - 1) + 10 + -5
-4
What is 8 + -9 + 9 - (-8 - -6)?
10
What is 5 + (5 - (-4 - (-5 - 3)))?
6
Evaluate 4 - (7 - (-6 + 13 + -4)).
0
What is 0 + (3 - (-3 + 3 - 2))?
5
Calculate 6 + -4 + (0 - 8) + 3.
-3
-1 + 8 + -2 - 3
2
What is 15 + -13 + 2 - (1 - -1)?
2
(-1 + -6 - -16) + -5
4
Calculate -7 + (-1 + 2 + 2 - -1).
-3
What is the value of 7 - -14 - (15 - 3)?
9
Calculate (-19 - (-17 + 8)) + 10.
0
Evaluate 5 - (-2 + 14 + -4).
-3
Evaluate (3 - 2) + (12 - 6) + -4.
3
What is -8 - (-5 - (-6 + 7))?
-2
Evaluate 7 + 4 + (-3 - 3).
5
Calculate (-3 - -4) + (-1 - 2).
-2
Evaluate -2 - (-1 + 2 + -6) - 2.
1
Evaluate -3 - (-5 - 3) - 3.
2
(5 - 2 - -1) + (-6 - 1)
-3
What is 1 + 11 + -6 + -2?
4
What is the value of -7 + 1 + 4 - -5?
3
What is the value of 0 + -7 - 3 - (-14 + 8)?
-4
Evaluate (5 + -6 - -7) + 2.
8
Calculate 3 - (4 + -3) - -8 - 5.
5
What is 7 + (-8 + 4 - 0 - -6)?
9
Evaluate 1 + -2 + 1 + 5 + -7.
-2
(-2 + -2 - -8) + -11 - -16
9
What is the value of -1 + 0 - (4 - 10)?
5
Calculate -1 + (4 - (-7 - (-3 - 14))).
-7
Evaluate -2 + 7 - (3 + 1).
1
What is the value of 6 + (-12 - 1) + 6 + -1?
-2
What is the value of -5 + -7 + (7 - -3)?
-2
Evaluate (5 - (1 - -5)) + 0.
-1
Calculate (-1 - -4 - (10 + -2)) + -1.
-6
-1 - -6 - (-2 + 1 + 3)
3
Evaluate ((0 - -2) + -1 - -5) + -2.
4
What is 6 + (2 - 5 - 0)?
3
What is the value of 0 + 0 + -4 + 2?
-2
What is 0 - (0 + 3 + -5)?
2
What is the value of (-4 - 4) + 0 + 5 + 0?
-3
What is 13 + 1 + 0 - (9 - 3)?
8
(44 - 42) + 2 + 0
4
-6 - (-1 - 1) - -5
1
What is -5 + 5 - 0 - 3?
-3
Calculate 4 + 5 + -10 - (1 + -7).
5
What is 2 + (-1 - -1) - 6?
-4
Calculate (1 - 7) + (37 - 29).
2
(-7 - ((4 - 5) + -3)) + 7
4
3 + -3 - (3 + 0) - -1
-2
(6 + -6 - 2) + 5
3
What is 0 - (4 - 2) - 3?
-5
What is the value of 5 - (-2 + (-4 - -8))?
3
Evaluate 7 + -3 + -6 + (14 - 5).
7
Calculate 1 - (-2 - (4 - 5)).
2
What is (1 - (0 - -3)) + 1 + -5?
-6
Calculate (-6 - -3) + -2 + 3 - 1.
-3
What is the value of -3 - 1 - (56 + -52) - -3?
-5
(10 - (7 + 5 + -5)) + 5
8
Evaluate 2 + -3 + (1 - 3).
-3
What is the value of (3 - (-7 + 0)) + -18?
-8
Calculate -4 - (1 - -5) - -3.
-7
(-5 - 1 - -6) + (2 - 3)
-1
Evaluate 3 - ((4 - (7 + -1)) + -2).
7
What is the value of 1 + -6 + 4 - 4?
-5
Calculate -4 + 0 - (2 - 0 - 6).
0
Evaluate 12 - 6 - 7 - (-1 + 2).
-2
-11 + (7 - -18 - 12)
2
41 - 49 - (1 + -1)
-8
(-11 - -13) + (0 - 0) - -3
5
Calculate (0 - -8) + (55 - 58).
5
Evaluate 0 + -9 + (-224 - -230).
-3
What is 10 - (-4 + -1 + 10) - 7?
-2
What is 5 + (-4 - 3) + 5 + -9?
-6
What is the value of 3 - (-2 + 7 + 1)?
-3
Calculate -6 + 13 - (1 + 1) - 3.
2
Calculate (-4 + 0 - -5) + 12 + -5.
8
Evaluate -875 - -866 - (1 + 0 - 2).
-8
Evaluate 1 + 1 + 1 + -3 + 2.
2
-4 - (-2 + 0 + -8)
6
Calculate (3 - (3 + -6 + 3)) + -6.
-3
Evaluate 5 + 0 + -6 + 6.
5
What is -4 - (1 - (-1 - -2 - -6))?
2
What is -90 - -90 - (4 + 0)?
-4
(0 - (-4 + (2 - 1))) + -6
-3
0 + -2 + (-3 - -4) + 4
3
What is -7 - ((-4 - 9) + 11 + -12)?
7
-22 + 4 + 15 + (-1 - -1)
-3
What is (-4 - (1 - 1)) + -1?
-5
Evaluate 0 + 2 - (-7 - (1 - 5)).
5
Calculate 0 + -5 + 2 + 3.
0
Evaluate 14 + -6 - 4 - (1 - 0).
3
(4 - (12 + -7)) + -4 + 3
-2
What is 0 - (-1 + (-3 - -2 - 1))?
3
-2 + (-7 - 5) + 20
6
Evaluate 8 - (6 + (9 - 8)).
1
What is the value of -1 + (-3 - 2 - -5)?
-1
Calculate (-6 - -1 - -1) + (45 - 44).
-3
(10 - 3) + (0 - (1 + 2))
4
Calculate (1 - 7) + (-6 - -20 - 11).
-3
What is the value of -4 - (6 + -11 + 3)?
-2
Calculate 2 - ((-5 - (-5 - -2)) + 2).
2
What is the value of -2 + 1 + -1 + (12 - 8)?
2
Calculate 2 + 6 + (-3 - 2).
3
Evaluate (-7 - -9) + (-1 - -1).
2
What is 7 + (-5 - 3) - (1 - 2)?
0
What is -3 - (7 + -6) - -7?
3
What is (-12 - (-27 + -5)) + -15?
5
What is the value of 5 - (3 + (9 + -4 - 7))?
4
Calculate -3 - ((2 - 3) + -4 + 4).
-2
What is -19 + 9 - -24 - (1 + 5)?
8
Evaluate (-2 - -2 - 3) + -2.
-5
What is the value of (2 - 5) + (9 - 4)?
2
What is 0 - (0 + 7 + -2)?
-5
6 - 2 - (-1 + 1)
4
What is (0 - (6 - 4)) + 6?
4
0 + -4 + (10 - 3)
3
Calculate -5 + (1 - 2) - (1 + -2).
-5
1 + 3 + 4 + -4 + 2
6
What is (6 - 6 - 13) + 7?
-6
Calculate 5 + 4 - (12 + -3).
0
Calculate 3 + 11 + -7 + -9.
-2
Calculate -9 + (33 + -35 - (-1 - 5)).
-5
Calculate -7 + 2 + (2 - (-5 - -7)).
-5
What is the value of 2 + -4 - 0 - (1 + 2)?
-5
Calculate 8 + -4 - 6 - 3.
-5
Calculate (-6 - -6) + (4 - 1).
3
What is -3 - (-11 - (-7 - 7))?
-6
What is 2 + 2 + (-17 - -3)?
-10
What is the value of (-1 - 2) + (2 - 1)?
-2
What is -3 - 2 - (7 + -2 + -9)?
-1
-26 + 33 - (-2 - -11)
-2
What is the value of 0 + -2 - (-1 - 1 - -5)?
-5
Calculate (1 - -1) + 10 + -16.
-4
Evaluate -5 + (25 - 3) + -7.
10
Evaluate -17 + 2 + -1 + 4 + 4.
-8
-3 + -4 + -1 + 7
-1
What is the value of -2 + 3 + (1 - 0)?
2
-6 - (3 + -7 - (4 - 3))
-1
Calculate -3 + -16 + 9 + 18.
8
What is (-4 - -6 - 2) + 4?
4
What is (-8 - -7) + -4 + 3?
-2
Evaluate (0 - 0) + -8 + 6.
-2
Calculate -3 - (6 - (6 - 9 - -6)).
-6
Calculate 3 - -1 - (-34 - -43).
-5
Calculate -1 - (0 - (-5 + 4)).
-2
Evaluate 41 - 42 - (-1 + (2 - 2)).
0
2 + (4 - 7) - 0
-1
(-8 - -7) + 2 + -8 + 10
3
What is -3 + 4 - -4 - (0 + 4)?
1
What is (-2 - -3) + 1 + (6 - 7)?
1
Evaluate (4 - 1) + -7 + 1.
-3
Evaluate (1 - -2) + (7 - 1 - 14).
-5
2 + (2 - 6) - -1 - 1
-2
Calculate -1 + 7 + -7 - -7.
6
What is 2 - (-3 + 3 - 2)?
4
What is the value of -1 + -4 + 0 + 1?
-4
What is the value of -2 + 1 + 5 + -5?
-1
8 + -11 + (-3 - (-3 - -2))
-5
What is 1 + -7 + -15 + 11 + 12?
2
Evaluate -2 + 0 + 2 + 2 + 0.
2
Calculate -6 - (-3 - 3 - -3).
-3
What is -7 + (2 - -1) + 2?
-2
Evaluate 3 + -6 + -9 + 7.
-5
What is the value of -50 + 51 - ((-2 - -2) + -2)?
3
Calculate 2 + (-7 + -5 + 3 - -2).
-5
(-1 - 2) + (1 - (0 + -1))
-1
4 + -5 + -3 - (-2 - 0)
-2
Evaluate 1 - (0 + -1) - 4 - 2.
-4
Calculate 2 + (-1 + -1 + 2 - 0).
2
Evaluate 2 + 2 + -3 + -3.
-2
-1 + 1 + -3 + 2
-1
What is -2 + 1 + (-10 - -6)?
-5
What is 1 + (-20 - -1 - (-4 - 3))?
-11
What is the value of 1 + 7 + -3 + -10?
-5
What is the value of 11 + (-3 - (21 - 12))?
-1
What is the value of -2 + -2 - (-7 + (-4 - 0))?
7
What is the value of 0 + (5 - 6) + 5?
4
Evaluate (22 - 18) + (-4 - -1).
1
Calculate 6 + (5 - 6) + -3 - 6.
-4
0 + (-11 + 6 - -4) - -3
2
What is the value of 1 - -6 - 4 - (2 - -1)?
0
Evaluate 0 + 4 + -3 + 1.
2
Evaluate (-5 - -11) + -14 + 3.
-5
Calculate ((-5 - 4) + 4 - -5) + 2.
2
Evaluate -3 - (-5 - 2 - -3).
1
Evaluate 81 - 76 - (2 - (-2 - -5)).
6
Evaluate (-7 - -11) + -7 + -2 + 0.
-5
Calculate -2 + 7 - (4 + (-5 - -7)).
-1
Evaluate (-1 - -3) + -6 + 5.
1
What is the value of -6 - (-6 - -4) - -6?
2
5 - (1 - (-5 + 1))
0
What is the value of 18 - (17 - 6) - 0?
7
Calculate 4 - ((-3 - -7) + 2).
-2
What is 44 + -44 + -1 + 6 - -4?
9
6 + 1 + -1